{"id":730,"date":"2023-03-09T20:18:57","date_gmt":"2023-03-09T19:18:57","guid":{"rendered":"http:\/\/svk.hkdrustvo.hr\/?page_id=730"},"modified":"2025-11-27T13:15:06","modified_gmt":"2025-11-27T12:15:06","slug":"invited-speakers","status":"publish","type":"page","link":"https:\/\/svk.hkdrustvo.hr\/?page_id=730","title":{"rendered":"Invited Speakers"},"content":{"rendered":"\n<div class=\"wp-block-group is-vertical is-layout-flex wp-container-core-group-is-layout-8cf370e7 wp-block-group-is-layout-flex\">\n<div class=\"wp-block-group is-vertical is-layout-flex wp-container-core-group-is-layout-8cf370e7 wp-block-group-is-layout-flex\">\n<p><strong>Prof. Mihaela Banek Zorica, PhD (University of Zagreb, <em>Faculty of Humanities and Social Sciences<\/em>)<\/strong><\/p>\n\n\n\n<p>She is a full professor in permanent appointment at the Department of Information and Communication Sciences, Faculty of Philosophy, University of Zagreb and Head of the Department of Media and Communication. At the undergraduate, graduate and postgraduate levels, she teaches courses that are also at the heart of her scientific Interests: e-learning, information and media literacy, school libraries, and knowledge organization and management. In her teaching, she focuses particularly on the development of teaching materials for e-learning systems and on building the competences necessary for teaching in a digital environment. She has confirmed her knowledge and experience in the field of e-learning and media use by participating in several international projects. During her scientific work, she has participated in numerous national and international conferences as an author, reviewer, and member of organizing and program committees. She actively contributes to the professional community through her work in national and international bodies, especially in the field of school librarianship.<\/p>\n<\/div>\n<\/div>\n\n\n\n<div class=\"wp-block-group is-vertical is-layout-flex wp-container-core-group-is-layout-8cf370e7 wp-block-group-is-layout-flex\">\n<div class=\"wp-block-group is-vertical is-layout-flex wp-container-core-group-is-layout-8cf370e7 wp-block-group-is-layout-flex\">\n<p><strong>Prof. Ivana Kunda, PhD (<strong>University of Rijeka<\/strong>, Faculty of Law)<\/strong><\/p>\n\n\n\n<p>She is a full-time tenured professor and the Head of the Department of Private International and European Law at the Faculty of Law in Rijeka, as well as the Vice-Dean for Research at the same Faculty. She earned her doctorate at the Faculty of Law in Zagreb and continued her professional development abroad, including at the  Max-Planck-Institut f\u00fcr Immaterialg\u00fcter- und Wettbewerbsrecht u Minhenu and the University of Columbia in New Yorku where she resided as Fulbright Research Fellow. She has participated as a researcher and\/or head of a faculty research group in ten projects from the line EU Justice which is financed by the European Commission, as well as on several other domestic and international scientific and scientific-professional projects. In 2023, she was a member of the Working Group of the Government of the Republic of Croatia responsible for the preparation of an expert opinion regarding the legal effects of the judgment of the Supreme Court ruling regarding contracts between the Republic of Croatia and MOL Hungarian Oil and Gas Company PLC, which were found to have been concluded on the basis of corrupt practices. For the needs of the business sector, she prepares legal opinions in various areas of European and international private law. As a member of the Government\u2019s working group, she took part in drafting two laws. At the Judicial Academy, she participated in training judges in the field of European law, and she also lectures at international courses organized by the EJTN in Brussels and ERA in Trier. She passed the bar exam in 2024 and has been on the list of arbitrators and mediators of the Croatian Chamber of Economy\u2019s Permanent Arbitration Court for many years.<\/p>\n<\/div>\n<\/div>\n\n\n\n<div class=\"wp-block-group is-vertical is-layout-flex wp-container-core-group-is-layout-8cf370e7 wp-block-group-is-layout-flex\">\n<p><strong>Margo Bargheer (University Library<\/strong> <strong>of G\u00f6ttingen)&nbsp;<\/strong><\/p>\n\n\n\n<p>She is a trained graphic designer and holds a master degree in social anthropology and media studies. She is head of the team for electronic publishing at G\u00f6ttingen University Library, including G\u00f6ttingen University Press, the university\u2018s repositories, the Diamond open access journal platform and other services around scholarly communication. She and her team coordinate the CRAFT-OA project, other team members are involved in the DIAMAS and PALOMERA projects and in the German information platform open-access.network. Margo heads the AEUP board and is part of the German working group\u2018s sounding board for university presses.<\/p>\n<\/div>\n\n\n\n<div class=\"wp-block-group is-vertical is-layout-flex wp-container-core-group-is-layout-8cf370e7 wp-block-group-is-layout-flex\">\n<p>Within the framework of the invited panel&nbsp;discussion <strong>Universities and Academic Libraries Facing the Challenges of Artificial Intelligence<\/strong> invited panelists are:<\/p>\n\n\n\n<ul class=\"wp-block-list\">\n<li><strong>Prof. Senka Ma\u0107e\u0161i\u0107,<\/strong> <strong>PhD,\u00a0<\/strong>Interim Vice-Rector for Science, Art and Digitalisation, University of Rijeka<\/li>\n\n\n\n<li><strong><strong>Prof.<\/strong> Patrizia Po\u0161\u010di\u0107,<\/strong> <strong>PhD,<\/strong> University of Rijeka, Faculty of Informatics and Digital Technologies<\/li>\n\n\n\n<li><strong><strong>Prof.<\/strong> Ivana Kunda,<\/strong> <strong>PhD,<\/strong> University of Rijeka, Faculty of Law<\/li>\n\n\n\n<li><strong>Assoc. Prof. Martina Baj\u010di\u0107,<\/strong> <strong>PhD,<\/strong> University of Rijeka, Faculty of Law<\/li>\n\n\n\n<li><strong>Assist. Prof. Alica Kolari\u0107, PhD,<\/strong> University of Zadar, Department of Information Sciences<\/li>\n\n\n\n<li><strong>Lea Lazzarich<\/strong>, Librarian Advisor, University Library Rijeka<\/li>\n<\/ul>\n<\/div>\n\n\n\n<div class=\"wp-block-group is-vertical is-layout-flex wp-container-core-group-is-layout-8cf370e7 wp-block-group-is-layout-flex\">\n<p>Within the framework of the invited round table&nbsp;<strong><strong>Topology of the Croatian academic library system in the cloud: experiences and expectations<\/strong><\/strong>&nbsp;invited panelists are:<\/p>\n\n\n\n<ul class=\"wp-block-list\">\n<li><strong>Dijana Machala, <strong>PhD,<\/strong><\/strong> Librarian Advisor, National and University Library in Zagreb<\/li>\n\n\n\n<li><strong><strong>Prof.<\/strong> Ivanka Stri\u010devi\u0107<strong>,<\/strong> PhD,<\/strong> Librarian Advisor,\u00a0National and University Library in Zagreb<\/li>\n\n\n\n<li><strong>Lea Lazzarich<\/strong>, Librarian Advisor, University Library Rijeka<\/li>\n<\/ul>\n<\/div>\n","protected":false},"excerpt":{"rendered":"<p>Prof. Mihaela Banek Zorica, PhD (University of Zagreb, Faculty of Humanities and Social Sciences) She is a full professor in permanent appointment at the Department of Information and Communication Sciences, Faculty of Philosophy, University of Zagreb and Head of the Department of Media and Communication. At the undergraduate, graduate and postgraduate levels, she teaches courses [&hellip;]<\/p>\n","protected":false},"author":2,"featured_media":1685,"parent":642,"menu_order":1,"comment_status":"closed","ping_status":"closed","template":"","meta":{"footnotes":""},"class_list":["post-730","page","type-page","status-publish","has-post-thumbnail","hentry","post"],"featured_image_src":"https:\/\/svk.hkdrustvo.hr\/wp-content\/uploads\/2025\/06\/19.-dani-SVK-logo-EN-2-scaled.png","_links":{"self":[{"href":"https:\/\/svk.hkdrustvo.hr\/index.php?rest_route=\/wp\/v2\/pages\/730","targetHints":{"allow":["GET"]}}],"collection":[{"href":"https:\/\/svk.hkdrustvo.hr\/index.php?rest_route=\/wp\/v2\/pages"}],"about":[{"href":"https:\/\/svk.hkdrustvo.hr\/index.php?rest_route=\/wp\/v2\/types\/page"}],"author":[{"embeddable":true,"href":"https:\/\/svk.hkdrustvo.hr\/index.php?rest_route=\/wp\/v2\/users\/2"}],"replies":[{"embeddable":true,"href":"https:\/\/svk.hkdrustvo.hr\/index.php?rest_route=%2Fwp%2Fv2%2Fcomments&post=730"}],"version-history":[{"count":21,"href":"https:\/\/svk.hkdrustvo.hr\/index.php?rest_route=\/wp\/v2\/pages\/730\/revisions"}],"predecessor-version":[{"id":2145,"href":"https:\/\/svk.hkdrustvo.hr\/index.php?rest_route=\/wp\/v2\/pages\/730\/revisions\/2145"}],"up":[{"embeddable":true,"href":"https:\/\/svk.hkdrustvo.hr\/index.php?rest_route=\/wp\/v2\/pages\/642"}],"wp:featuredmedia":[{"embeddable":true,"href":"https:\/\/svk.hkdrustvo.hr\/index.php?rest_route=\/wp\/v2\/media\/1685"}],"wp:attachment":[{"href":"https:\/\/svk.hkdrustvo.hr\/index.php?rest_route=%2Fwp%2Fv2%2Fmedia&parent=730"}],"curies":[{"name":"wp","href":"https:\/\/api.w.org\/{rel}","templated":true}]}}

<div class="wp-block-group is-vertical is-layout-flex wp-container-core-group-is-layout-8cf370e7 wp-block-group-is-layout-flex">
<div class="wp-block-group is-vertical is-layout-flex wp-container-core-group-is-layout-8cf370e7 wp-block-group-is-layout-flex">
<p><strong>Prof. Mihaela Banek Zorica, PhD (University of Zagreb, <em>Faculty of Humanities and Social Sciences</em>)</strong></p>



<p>She is a full professor in permanent appointment at the Department of Information and Communication Sciences, Faculty of Philosophy, University of Zagreb and Head of the Department of Media and Communication. At the undergraduate, graduate and postgraduate levels, she teaches courses that are also at the heart of her scientific Interests: e-learning, information and media literacy, school libraries, and knowledge organization and management. In her teaching, she focuses particularly on the development of teaching materials for e-learning systems and on building the competences necessary for teaching in a digital environment. She has confirmed her knowledge and experience in the field of e-learning and media use by participating in several international projects. During her scientific work, she has participated in numerous national and international conferences as an author, reviewer, and member of organizing and program committees. She actively contributes to the professional community through her work in national and international bodies, especially in the field of school librarianship.</p>
</div>
</div>



<div class="wp-block-group is-vertical is-layout-flex wp-container-core-group-is-layout-8cf370e7 wp-block-group-is-layout-flex">
<div class="wp-block-group is-vertical is-layout-flex wp-container-core-group-is-layout-8cf370e7 wp-block-group-is-layout-flex">
<p><strong>Prof. Ivana Kunda, PhD (<strong>University of Rijeka</strong>, Faculty of Law)</strong></p>



<p>She is a full-time tenured professor and the Head of the Department of Private International and European Law at the Faculty of Law in Rijeka, as well as the Vice-Dean for Research at the same Faculty. She earned her doctorate at the Faculty of Law in Zagreb and continued her professional development abroad, including at the  Max-Planck-Institut für Immaterialgüter- und Wettbewerbsrecht u Minhenu and the University of Columbia in New Yorku where she resided as Fulbright Research Fellow. She has participated as a researcher and/or head of a faculty research group in ten projects from the line EU Justice which is financed by the European Commission, as well as on several other domestic and international scientific and scientific-professional projects. In 2023, she was a member of the Working Group of the Government of the Republic of Croatia responsible for the preparation of an expert opinion regarding the legal effects of the judgment of the Supreme Court ruling regarding contracts between the Republic of Croatia and MOL Hungarian Oil and Gas Company PLC, which were found to have been concluded on the basis of corrupt practices. For the needs of the business sector, she prepares legal opinions in various areas of European and international private law. As a member of the Government’s working group, she took part in drafting two laws. At the Judicial Academy, she participated in training judges in the field of European law, and she also lectures at international courses organized by the EJTN in Brussels and ERA in Trier. She passed the bar exam in 2024 and has been on the list of arbitrators and mediators of the Croatian Chamber of Economy’s Permanent Arbitration Court for many years.</p>
</div>
</div>



<div class="wp-block-group is-vertical is-layout-flex wp-container-core-group-is-layout-8cf370e7 wp-block-group-is-layout-flex">
<p><strong>Margo Bargheer (University Library</strong> <strong>of Göttingen)&nbsp;</strong></p>



<p>She is a trained graphic designer and holds a master degree in social anthropology and media studies. She is head of the team for electronic publishing at Göttingen University Library, including Göttingen University Press, the university‘s repositories, the Diamond open access journal platform and other services around scholarly communication. She and her team coordinate the CRAFT-OA project, other team members are involved in the DIAMAS and PALOMERA projects and in the German information platform open-access.network. Margo heads the AEUP board and is part of the German working group‘s sounding board for university presses.</p>
</div>



<div class="wp-block-group is-vertical is-layout-flex wp-container-core-group-is-layout-8cf370e7 wp-block-group-is-layout-flex">
<p>Within the framework of the invited panel&nbsp;discussion <strong>Universities and Academic Libraries Facing the Challenges of Artificial Intelligence</strong> invited panelists are:</p>



<ul class="wp-block-list">
<li><strong>Prof. Senka Maćešić,</strong> <strong>PhD, </strong>Interim Vice-Rector for Science, Art and Digitalisation, University of Rijeka</li>



<li><strong><strong>Prof.</strong> Patrizia Poščić,</strong> <strong>PhD,</strong> University of Rijeka, Faculty of Informatics and Digital Technologies</li>



<li><strong><strong>Prof.</strong> Ivana Kunda,</strong> <strong>PhD,</strong> University of Rijeka, Faculty of Law</li>



<li><strong>Assoc. Prof. Martina Bajčić,</strong> <strong>PhD,</strong> University of Rijeka, Faculty of Law</li>



<li><strong>Assist. Prof. Alica Kolarić, PhD,</strong> University of Zadar, Department of Information Sciences</li>



<li><strong>Lea Lazzarich</strong>, Librarian Advisor, University Library Rijeka</li>
</ul>
</div>



<div class="wp-block-group is-vertical is-layout-flex wp-container-core-group-is-layout-8cf370e7 wp-block-group-is-layout-flex">
<p>Within the framework of the invited round table&nbsp;<strong><strong>Topology of the Croatian academic library system in the cloud: experiences and expectations</strong></strong>&nbsp;invited panelists are:</p>



<ul class="wp-block-list">
<li><strong>Dijana Machala, <strong>PhD,</strong></strong> Librarian Advisor, National and University Library in Zagreb</li>



<li><strong><strong>Prof.</strong> Ivanka Stričević<strong>,</strong> PhD,</strong> Librarian Advisor, National and University Library in Zagreb</li>



<li><strong>Lea Lazzarich</strong>, Librarian Advisor, University Library Rijeka</li>
</ul>
</div>
