{"id":661,"date":"2023-03-08T10:26:42","date_gmt":"2023-03-08T09:26:42","guid":{"rendered":"http:\/\/svk.hkdrustvo.hr\/?page_id=661"},"modified":"2025-06-06T16:00:08","modified_gmt":"2025-06-06T14:00:08","slug":"registration","status":"publish","type":"page","link":"https:\/\/svk.hkdrustvo.hr\/?page_id=661","title":{"rendered":"Registration"},"content":{"rendered":"\n<p>Registration for participation in the conference is available via the&nbsp;<a href=\"https:\/\/ls.hkdrustvo.hr\/index.php\/969839\"><strong>online registration form<\/strong><\/a><strong>.<\/strong><\/p>\n\n\n\n<div class=\"wp-block-group is-vertical is-layout-flex wp-container-core-group-is-layout-8cf370e7 wp-block-group-is-layout-flex\">\n<p>Deadlines:<\/p>\n\n\n\n<p>Submission and abstract deadline: <s>June 1, 2025.<\/s> July 1, 2025<\/p>\n\n\n\n<p>Paper Acceptance Notification: <s>July 10, 2025.<\/s> July 20, 2025<\/p>\n<\/div>\n\n\n\n<div class=\"wp-block-group is-vertical is-layout-flex wp-container-core-group-is-layout-8cf370e7 wp-block-group-is-layout-flex\">\n<p><strong>Payment information:<\/strong><\/p>\n\n\n\n<div class=\"wp-block-group is-vertical is-layout-flex wp-container-core-group-is-layout-8cf370e7 wp-block-group-is-layout-flex\">\n<p><strong>Payments from the homeland<\/strong>&nbsp;IBAN: HR3423600001101451830<\/p>\n\n\n\n<p>When paying the registration fee, please indicate:&nbsp;Last name, first name; for 19th days.<\/p>\n\n\n\n<p>After receiving the payment, CLA will issue an e-invoice. If you are required to pay by invoice or proforma invoice, please contact the CLA at office&nbsp;<a href=\"mailto:hkd@hkdrustvo.hr\">hkd@hkdrustvo.hr<\/a> or +385 91 604 7214.<\/p>\n<\/div>\n<\/div>\n\n\n\n<div class=\"wp-block-group is-vertical is-layout-flex wp-container-core-group-is-layout-8cf370e7 wp-block-group-is-layout-flex\">\n<p><strong>Payments from abroad&nbsp;<\/strong><\/p>\n\n\n\n<p><strong>Bank<\/strong>: Zagreba\u010dka banka d.d., Trg bana Josipa Jela\u010di\u0107a 10, Zagreb, Croatia IBAN: HR3423600001101451830 SWIFT CODE: ZABAHR2X<\/p>\n<\/div>\n\n\n\n<p>Bank charges for payments outside the EU are fully borne by the payer. The deadline for paying early bird registration fee is\u00a0<s>July 15, 2025<\/s> September 1, 2025.<\/p>\n\n\n\n<figure class=\"wp-block-image size-full\"><img decoding=\"async\" src=\"https:\/\/svk.hkdrustvo.hr\/wp-content\/uploads\/2025\/06\/Tablica-sa-iznosima-na-eng-4.png\" alt=\"\" class=\"wp-image-1711\"\/><\/figure>\n\n\n\n<p>Students with a copy of their student ID or faculty certificate, and retirees, members of regional societies, will pay 50% of the full or one-day registration fee.<\/p>\n\n\n\n<h5 class=\"wp-block-heading\"><strong>PRESENTER REGISTRATION<\/strong><\/h5>\n\n\n\n<p><a href=\"https:\/\/svk.hkdrustvo.hr\/?page_id=650\">Author instructions<\/a> for all types of contributions are available on the Conference website. Abstracts should be submitted via the <strong><a href=\"https:\/\/ls.hkdrustvo.hr\/index.php\/969839\">online submission system<\/a><\/strong>. If you have any problems accessing the content of the Conference, please contact us at: <a href=\"mailto:hkd@hkdrustvo.hr\">hkd@hkdrustvo.hr<\/a>.<\/p>\n\n\n\n<p><\/p>\n","protected":false},"excerpt":{"rendered":"<p>Registration for participation in the conference is available via the&nbsp;online registration form. Deadlines: Submission and abstract deadline: June 1, 2025. July 1, 2025 Paper Acceptance Notification: July 10, 2025. July 20, 2025 Payment information: Payments from the homeland&nbsp;IBAN: HR3423600001101451830 When paying the registration fee, please indicate:&nbsp;Last name, first name; for 19th days. After receiving the [&hellip;]<\/p>\n","protected":false},"author":5,"featured_media":0,"parent":732,"menu_order":0,"comment_status":"closed","ping_status":"closed","template":"","meta":{"footnotes":""},"class_list":["post-661","page","type-page","status-publish","hentry","post"],"featured_image_src":null,"_links":{"self":[{"href":"https:\/\/svk.hkdrustvo.hr\/index.php?rest_route=\/wp\/v2\/pages\/661","targetHints":{"allow":["GET"]}}],"collection":[{"href":"https:\/\/svk.hkdrustvo.hr\/index.php?rest_route=\/wp\/v2\/pages"}],"about":[{"href":"https:\/\/svk.hkdrustvo.hr\/index.php?rest_route=\/wp\/v2\/types\/page"}],"author":[{"embeddable":true,"href":"https:\/\/svk.hkdrustvo.hr\/index.php?rest_route=\/wp\/v2\/users\/5"}],"replies":[{"embeddable":true,"href":"https:\/\/svk.hkdrustvo.hr\/index.php?rest_route=%2Fwp%2Fv2%2Fcomments&post=661"}],"version-history":[{"count":31,"href":"https:\/\/svk.hkdrustvo.hr\/index.php?rest_route=\/wp\/v2\/pages\/661\/revisions"}],"predecessor-version":[{"id":1713,"href":"https:\/\/svk.hkdrustvo.hr\/index.php?rest_route=\/wp\/v2\/pages\/661\/revisions\/1713"}],"up":[{"embeddable":true,"href":"https:\/\/svk.hkdrustvo.hr\/index.php?rest_route=\/wp\/v2\/pages\/732"}],"wp:attachment":[{"href":"https:\/\/svk.hkdrustvo.hr\/index.php?rest_route=%2Fwp%2Fv2%2Fmedia&parent=661"}],"curies":[{"name":"wp","href":"https:\/\/api.w.org\/{rel}","templated":true}]}}