{"id":659,"date":"2023-03-08T10:19:44","date_gmt":"2023-03-08T09:19:44","guid":{"rendered":"http:\/\/svk.hkdrustvo.hr\/?page_id=659"},"modified":"2025-10-07T09:00:24","modified_gmt":"2025-10-07T07:00:24","slug":"organizers","status":"publish","type":"page","link":"https:\/\/svk.hkdrustvo.hr\/?page_id=659","title":{"rendered":"Organizers"},"content":{"rendered":"\n<div class=\"wp-block-group is-vertical is-layout-flex wp-container-core-group-is-layout-8cf370e7 wp-block-group-is-layout-flex\">\n<p class=\"has-text-color has-link-color wp-elements-59f167ac6c76265b3f515223fcefcf4e\" style=\"color:#46b4a1\"><strong>Organizer<\/strong><\/p>\n\n\n\n<ul class=\"wp-block-list\">\n<li>Croatian Library Association, Division for Special and Academic Libraries<\/li>\n<\/ul>\n<\/div>\n\n\n\n<div class=\"wp-block-group is-vertical is-layout-flex wp-container-core-group-is-layout-8cf370e7 wp-block-group-is-layout-flex\">\n<p class=\"has-text-color has-link-color wp-elements-497b0f58b8955f72bc55ab76155bd089\" style=\"color:#46b4a1\"><strong>Co-organizers<\/strong><\/p>\n\n\n\n<div class=\"wp-block-group\"><div class=\"wp-block-group__inner-container is-layout-constrained wp-block-group-is-layout-constrained\">\n<div class=\"wp-block-group is-vertical is-layout-flex wp-container-core-group-is-layout-8cf370e7 wp-block-group-is-layout-flex\">\n<ul class=\"wp-block-list\">\n<li>National and University Library Zagreb<\/li>\n\n\n\n<li>University Library Rijeka<\/li>\n\n\n\n<li>Library Association Rijeka<\/li>\n<\/ul>\n<\/div>\n<\/div><\/div>\n<\/div>\n\n\n\n<figure class=\"wp-block-image size-full is-resized\"><img loading=\"lazy\" decoding=\"async\" width=\"300\" height=\"92\" src=\"https:\/\/svk.hkdrustvo.hr\/wp-content\/uploads\/2023\/03\/image-1.png\" alt=\"\" class=\"wp-image-758\" style=\"width:300px;height:92px\"\/><\/figure>\n\n\n\n<p><\/p>\n\n\n\n<p class=\"has-text-color has-link-color wp-elements-2641583b87c6154f8e3f32a540dc0b97\" style=\"color:#46b4a1\"><strong>Programme Committee<\/strong><\/p>\n\n\n\n<p>Edita Ba\u010di\u0107, Gordana Ga\u0161o, Dejana Golenko, Romana Jadrijevi\u0107, Nina Jela\u010da, Aleksandra Me\u017enari\u0107 Karafin, Tatijana Petri\u0107, Jasenka Ple\u0161ko, Snje\u017eana Radovanlija Mileusni\u0107 (president), Dora Rubini\u0107, Iva Sesar, Breza \u0160alamon-Cindori, Ksenija \u0160venda-Radeljak, Andreja Tominac, Vilena Vrbani\u0107<\/p>\n\n\n\n<p class=\"has-text-color has-link-color wp-elements-b34d7e253f9d996a9148e0bc9161fb5c\" style=\"color:#46b4a1\"><strong>Organizing Committee <\/strong><\/p>\n\n\n\n<p>Dejana Golenko, Martina Jo\u0161avac, Iva Kova\u010devi\u0107 Melin\u010devi\u0107, Lea Lazzarich, Branka Marijanovi\u0107, Ljiljana Pavi\u010di\u0107, Bla\u017eenka Peradeni\u0107-Kotur, Jasenka Ple\u0161ko, Sara Semenski, Ksenija \u0160venda-Radeljak&nbsp;(president), Marina Vinaj<\/p>\n\n\n\n<p><\/p>\n","protected":false},"excerpt":{"rendered":"<p>Organizer Co-organizers Programme Committee Edita Ba\u010di\u0107, Gordana Ga\u0161o, Dejana Golenko, Romana Jadrijevi\u0107, Nina Jela\u010da, Aleksandra Me\u017enari\u0107 Karafin, Tatijana Petri\u0107, Jasenka Ple\u0161ko, Snje\u017eana Radovanlija Mileusni\u0107 (president), Dora Rubini\u0107, Iva Sesar, Breza \u0160alamon-Cindori, Ksenija \u0160venda-Radeljak, Andreja Tominac, Vilena Vrbani\u0107 Organizing Committee Dejana Golenko, Martina Jo\u0161avac, Iva Kova\u010devi\u0107 Melin\u010devi\u0107, Lea Lazzarich, Branka Marijanovi\u0107, Ljiljana Pavi\u010di\u0107, Bla\u017eenka Peradeni\u0107-Kotur, Jasenka [&hellip;]<\/p>\n","protected":false},"author":5,"featured_media":1685,"parent":0,"menu_order":1,"comment_status":"closed","ping_status":"closed","template":"","meta":{"footnotes":""},"class_list":["post-659","page","type-page","status-publish","has-post-thumbnail","hentry","post"],"featured_image_src":"https:\/\/svk.hkdrustvo.hr\/wp-content\/uploads\/2025\/06\/19.-dani-SVK-logo-EN-2-scaled.png","_links":{"self":[{"href":"https:\/\/svk.hkdrustvo.hr\/index.php?rest_route=\/wp\/v2\/pages\/659","targetHints":{"allow":["GET"]}}],"collection":[{"href":"https:\/\/svk.hkdrustvo.hr\/index.php?rest_route=\/wp\/v2\/pages"}],"about":[{"href":"https:\/\/svk.hkdrustvo.hr\/index.php?rest_route=\/wp\/v2\/types\/page"}],"author":[{"embeddable":true,"href":"https:\/\/svk.hkdrustvo.hr\/index.php?rest_route=\/wp\/v2\/users\/5"}],"replies":[{"embeddable":true,"href":"https:\/\/svk.hkdrustvo.hr\/index.php?rest_route=%2Fwp%2Fv2%2Fcomments&post=659"}],"version-history":[{"count":15,"href":"https:\/\/svk.hkdrustvo.hr\/index.php?rest_route=\/wp\/v2\/pages\/659\/revisions"}],"predecessor-version":[{"id":1743,"href":"https:\/\/svk.hkdrustvo.hr\/index.php?rest_route=\/wp\/v2\/pages\/659\/revisions\/1743"}],"wp:featuredmedia":[{"embeddable":true,"href":"https:\/\/svk.hkdrustvo.hr\/index.php?rest_route=\/wp\/v2\/media\/1685"}],"wp:attachment":[{"href":"https:\/\/svk.hkdrustvo.hr\/index.php?rest_route=%2Fwp%2Fv2%2Fmedia&parent=659"}],"curies":[{"name":"wp","href":"https:\/\/api.w.org\/{rel}","templated":true}]}}