{"id":189,"date":"2023-02-24T05:08:35","date_gmt":"2023-02-24T04:08:35","guid":{"rendered":"https:\/\/svk.hkdrustvo.hr\/?page_id=189"},"modified":"2025-06-03T13:50:41","modified_gmt":"2025-06-03T11:50:41","slug":"prijava-izlaganja","status":"publish","type":"page","link":"https:\/\/svk.hkdrustvo.hr\/?page_id=189","title":{"rendered":"Prijava izlaganja"},"content":{"rendered":"\n<p>Prijava svih vrsta izlaganja vr\u0161i se isklju\u010divo putem jedinstvenog online <a href=\"https:\/\/ls.hkdrustvo.hr\/index.php\/969839?lang=hr\" target=\"_blank\" rel=\"noreferrer noopener\"><strong>obrasca<\/strong><\/a>. Prijave i slanje sa\u017eetaka autora na druge na\u010dine se ne prihva\u0107aju.<\/p>\n\n\n\n<p><strong>Oblici izlaganja:<\/strong><\/p>\n\n\n\n<ul class=\"wp-block-list\">\n<li>Pozvana izlaganja<\/li>\n\n\n\n<li>Izlaganja<\/li>\n\n\n\n<li>Okrugli stolovi<\/li>\n\n\n\n<li>Radionice<\/li>\n\n\n\n<li>E-posteri<\/li>\n<\/ul>\n\n\n\n<p>Detalje o oblicima izlaganja mo\u017eete doznati u <a href=\"https:\/\/svk.hkdrustvo.hr\/?page_id=191\" data-type=\"link\" data-id=\"https:\/\/svk.hkdrustvo.hr\/program\/upute\/\" target=\"_blank\" rel=\"noreferrer noopener\"><strong>uputama za autore.<\/strong><\/a><\/p>\n\n\n\n<p><strong>Rok za <strong>prijavu izlaganja i dostavu sa\u017eetaka<\/strong>:<\/strong> <s>1. lipnja 2025.<\/s> <strong>1. srpnja 2025.<\/strong><br><strong>Obavijest autorima o prihva\u0107enim radovima:\u00a0<\/strong><s>10. srpnja 2025<strong>.<\/strong><\/s> <strong>20. srpnja 2025.<\/strong><br>Jezik konferencije je hrvatski i engleski.<\/p>\n\n\n\n<div class=\"wp-block-group\"><div class=\"wp-block-group__inner-container is-layout-constrained wp-block-group-is-layout-constrained\">\n<p><strong>Obvezni elementi sa\u017eetaka<\/strong>:<\/p>\n\n\n\n<div class=\"wp-block-group\"><div class=\"wp-block-group__inner-container is-layout-constrained wp-block-group-is-layout-constrained\">\n<ol class=\"wp-block-list\">\n<li>Naslov (na hrvatskome i engleskom jeziku)<\/li>\n\n\n\n<li>Tekst sa\u017eetka (od 200 do 500 rije\u010di, na hrvatskome i engleskom jeziku)<\/li>\n\n\n\n<li>Klju\u010dne rije\u010di (5 klju\u010dnih rije\u010di, na hrvatskome i engleskom jeziku)<\/li>\n\n\n\n<li>Biografija autora (do 100 rije\u010di, na hrvatskome i engleskom jeziku)<\/li>\n<\/ol>\n\n\n\n<p>Za rad vi\u0161e autora, sa\u017eetak i klju\u010dne rije\u010di je dovoljno unijeti u prijavnici jednog od autora. Za prijavu izlaganja vi\u0161e autora, najmanje jedan autor <strong>mora<\/strong> biti registriran te na Skupu predstaviti rad.<\/p>\n<\/div><\/div>\n<\/div><\/div>\n","protected":false},"excerpt":{"rendered":"<p>Prijava svih vrsta izlaganja vr\u0161i se isklju\u010divo putem jedinstvenog online obrasca. Prijave i slanje sa\u017eetaka autora na druge na\u010dine se ne prihva\u0107aju. Oblici izlaganja: Detalje o oblicima izlaganja mo\u017eete doznati u uputama za autore. Rok za prijavu izlaganja i dostavu sa\u017eetaka: 1. lipnja 2025. 1. srpnja 2025.Obavijest autorima o prihva\u0107enim radovima:\u00a010. srpnja 2025. 20. srpnja [&hellip;]<\/p>\n","protected":false},"author":2,"featured_media":0,"parent":137,"menu_order":2,"comment_status":"closed","ping_status":"closed","template":"","meta":{"footnotes":""},"class_list":["post-189","page","type-page","status-publish","hentry","post"],"featured_image_src":null,"_links":{"self":[{"href":"https:\/\/svk.hkdrustvo.hr\/index.php?rest_route=\/wp\/v2\/pages\/189","targetHints":{"allow":["GET"]}}],"collection":[{"href":"https:\/\/svk.hkdrustvo.hr\/index.php?rest_route=\/wp\/v2\/pages"}],"about":[{"href":"https:\/\/svk.hkdrustvo.hr\/index.php?rest_route=\/wp\/v2\/types\/page"}],"author":[{"embeddable":true,"href":"https:\/\/svk.hkdrustvo.hr\/index.php?rest_route=\/wp\/v2\/users\/2"}],"replies":[{"embeddable":true,"href":"https:\/\/svk.hkdrustvo.hr\/index.php?rest_route=%2Fwp%2Fv2%2Fcomments&post=189"}],"version-history":[{"count":36,"href":"https:\/\/svk.hkdrustvo.hr\/index.php?rest_route=\/wp\/v2\/pages\/189\/revisions"}],"predecessor-version":[{"id":1658,"href":"https:\/\/svk.hkdrustvo.hr\/index.php?rest_route=\/wp\/v2\/pages\/189\/revisions\/1658"}],"up":[{"embeddable":true,"href":"https:\/\/svk.hkdrustvo.hr\/index.php?rest_route=\/wp\/v2\/pages\/137"}],"wp:attachment":[{"href":"https:\/\/svk.hkdrustvo.hr\/index.php?rest_route=%2Fwp%2Fv2%2Fmedia&parent=189"}],"curies":[{"name":"wp","href":"https:\/\/api.w.org\/{rel}","templated":true}]}}