{"id":187,"date":"2023-02-24T05:02:23","date_gmt":"2023-02-24T04:02:23","guid":{"rendered":"https:\/\/svk.hkdrustvo.hr\/?page_id=187"},"modified":"2025-11-21T09:57:00","modified_gmt":"2025-11-21T08:57:00","slug":"pozvani-predavaci","status":"publish","type":"page","link":"https:\/\/svk.hkdrustvo.hr\/?page_id=187","title":{"rendered":"Pozvani predava\u010di"},"content":{"rendered":"\n<div class=\"wp-block-group\"><div class=\"wp-block-group__inner-container is-layout-constrained wp-block-group-is-layout-constrained\">\n<div class=\"wp-block-group is-vertical is-layout-flex wp-container-core-group-is-layout-8cf370e7 wp-block-group-is-layout-flex\">\n<p><strong>prof. dr. sc. Mihaela Banek Zorica (Sveu\u010dili\u0161te u Zagrebu, Filozofski fakultet)<\/strong><\/p>\n\n\n\n<p>Redovita je profesorica u trajnom izboru na Odsjeku za informacijske i komunikacijske znanosti Filozofskog fakulteta Sveu\u010dili\u0161ta u Zagrebu te predstojnica Katedre za medije i komunikaciju. Na preddiplomskoj, diplomskoj i poslijediplomskoj razini predaje kolegije koji su ujedno i u sredi\u0161tu njezina znanstvenog interesa: e-u\u010denje, informacijska i medijska pismenost, \u0161kolske knji\u017enice te organizacija i upravljanje znanjem. U nastavi se posebno usmjerava na razvoj nastavnih materijala za sustave e-u\u010denja te na izgradnju kompetencija potrebnih za pou\u010davanje u digitalnom okru\u017eenju. Svoje je znanje i iskustvo u podru\u010dju e-u\u010denja i uporabe medija potvrdila sudjelovanjem u vi\u0161e me\u0111unarodnih projekata. Tijekom svog znanstvenog rada sudjelovala je i na brojnim doma\u0107im i me\u0111unarodnim skupovima kao autorica, recenzentica te \u010dlanica organizacijskih i programskih odbora. Aktivno doprinosi stru\u010dnoj zajednici kroz rad u nacionalnim i me\u0111unarodnim tijelima, posebno u podru\u010dju \u0161kolskog knji\u017eni\u010darstva.<\/p>\n<\/div>\n<\/div><\/div>\n\n\n\n<p><\/p>\n\n\n\n<div class=\"wp-block-group\"><div class=\"wp-block-group__inner-container is-layout-constrained wp-block-group-is-layout-constrained\">\n<div class=\"wp-block-group is-vertical is-layout-flex wp-container-core-group-is-layout-8cf370e7 wp-block-group-is-layout-flex\">\n<p><strong>prof. dr. sc. Ivana Kunda (Sveu\u010dili\u0161te u Rijeci, Pravni fakultet)<\/strong><\/p>\n\n\n\n<p>Redovita je profesorica u trajnom izboru i predstojnica Katedre za me\u0111unarodni i europsko privatno pravo na Pravnom fakultetu u Rijeci te prodekanica za znanost na istom Fakultetu. Doktorirala je na Pravnom fakultetu u Zagrebu i usavr\u0161avala se u inozemstvu uklju\u010duju\u0107i i na Max-Planck-Institut f\u00fcr Immaterialg\u00fcter- und Wettbewerbsrecht u Minhenu te University of Columbia u New Yorku gdje je boravila kao Fulbright Research Fellow. Sudjelovala je kao istra\u017eiva\u010dica i\/ili voditeljica fakultetske istra\u017eiva\u010dke grupe na deset projekata iz linije EU Justice koje financira Europska komisija, kao i na vi\u0161e drugih doma\u0107ih i me\u0111unarodnih znanstvenih i znanstveno-stru\u010dnih projekata. Godine 2023., bila je \u010dlanica Radne skupine Vlade RH za izradu stru\u010dnog mi\u0161ljenja vezano uz pravne u\u010dinke presude VSRH na ugovore izme\u0111u RH i MOL Hungarian Oil and Gas Company PLC za koje je utvr\u0111eno da su zaklju\u010deni na temelju koruptivnih radnji. Za potrebne gospodarstva, izra\u0111uje pravna mi\u0161ljenja iz raznih podru\u010dja europskog i me\u0111unarodnog privatnog prava. Kao \u010dlanica radne skupine Vlade RH sudjelovala je u izradi dvaju zakona. Na Pravosudnoj akademiji sudjelovala je u obrazovanju sudaca iz podru\u010dja europskog prava, a sudjeluje kao predava\u010dica na me\u0111unarodnim te\u010dajevima u organizaciji EJTN Bruxelles i ERA Trier. Pravosudni ispit polo\u017eila je 2024. godine, a dugi niz godina je na listi arbitara i miritelja SIS HGK.<\/p>\n<\/div>\n<\/div><\/div>\n\n\n\n<p><\/p>\n\n\n\n<div class=\"wp-block-group\"><div class=\"wp-block-group__inner-container is-layout-constrained wp-block-group-is-layout-constrained\">\n<div class=\"wp-block-group is-vertical is-layout-flex wp-container-core-group-is-layout-8cf370e7 wp-block-group-is-layout-flex\">\n<p><strong>Margo Bargheer (Sveu\u010dili\u0161na knji\u017enica G\u00f6ttingen)\u00a0<\/strong><\/p>\n\n\n\n<p>Grafi\u010dka je dizajnerica s magisterijem iz socijalne antropologije i medijskih studija. Voditeljica je tima za elektroni\u010dko izdava\u0161tvo u Sveu\u010dili\u0161noj knji\u017enici G\u00f6ttingen, \u0161to uklju\u010duje G\u00f6ttingen University Press, sveu\u010dili\u0161ne repozitorije, platformu za \u010dasopise u dijamantnom otvorenom pristupu i druge usluge vezane uz znanstvenu komunikaciju. Ona i njezin tim koordiniraju projekt CRAFT-OA, dok su ostali \u010dlanovi tima uklju\u010deni u projekte DIAMAS i PALOMERA te u njema\u010dku informacijsku platformu open-access.network. Margo je predsjednica upravnog odbora AEUP-a (Association of European University Presses \u2013 Udru\u017eenje europskih sveu\u010dili\u0161nih nakladnika) i \u010dlanica odbora njema\u010dke radne skupine za sveu\u010dili\u0161ne nakladnike.<\/p>\n<\/div>\n<\/div><\/div>\n\n\n\n<div class=\"wp-block-group is-vertical is-layout-flex wp-container-core-group-is-layout-8cf370e7 wp-block-group-is-layout-flex\">\n<p>U okviru pozvanog panela <strong>Sveu\u010dili\u0161ta i visoko\u0161kolske knji\u017enice pred izazovima umjetne inteligencije<\/strong>&nbsp;kao pozvani izlaga\u010di sudjeluju:<\/p>\n\n\n\n<ul class=\"wp-block-list\">\n<li><strong>prof. dr. sc. Senka Ma\u0107e\u0161i\u0107,<\/strong>\u00a0v.d. prorektorice za znanost, umjetnost i digitalizaciju, Sveu\u010dili\u0161te u Rijeci<\/li>\n\n\n\n<li><strong>prof. dr. sc. Patrizia Po\u0161\u010di\u0107<\/strong>, Sveu\u010dili\u0161te u Rijeci, Fakultet informatike i digitalnih\u00a0tehnologija<\/li>\n\n\n\n<li><strong>prof. dr. sc. Ivana Kunda<\/strong>, Sveu\u010dili\u0161te u Rijeci, Pravni fakultet<\/li>\n\n\n\n<li><strong>izv. prof. dr. sc. Martina Baj\u010di\u0107<\/strong>, Sveu\u010dili\u0161te u Rijeci, Pravni fakultet<\/li>\n\n\n\n<li><strong>doc. dr. sc. Alica Kolari\u0107<\/strong>, Sveu\u010dili\u0161te u Zadru, Odjel za informacijske znanosti i tehnologije<\/li>\n\n\n\n<li><strong>Lea Lazzarich<\/strong>, knji\u017eni\u010darska savjetnica, Sveu\u010dili\u0161na knji\u017enica Rijeka<\/li>\n<\/ul>\n<\/div>\n\n\n\n<div class=\"wp-block-group is-vertical is-layout-flex wp-container-core-group-is-layout-8cf370e7 wp-block-group-is-layout-flex\">\n<p>U okviru pozvanog okruglog stola <strong>Topologija hrvatskog visoko\u0161kolskog knji\u017eni\u010dnog sustava u oblaku: iskustva i o\u010dekivanja<\/strong> kao pozvani izlaga\u010di sudjeluju:<\/p>\n\n\n\n<ul class=\"wp-block-list\">\n<li><strong>dr. sc. Dijana Machala<\/strong>, knji\u017eni\u010darska savjetnica, Nacionalna i sveu\u010dili\u0161na knji\u017enica u Zagrebu<\/li>\n\n\n\n<li><strong>prof. dr. sc. Ivanka Stri\u010devi\u0107<\/strong>, knji\u017eni\u010darska savjetnica,\u00a0Nacionalna i sveu\u010dili\u0161na knji\u017enica u Zagrebu<\/li>\n\n\n\n<li><strong>Lea Lazzarich<\/strong>, knji\u017eni\u010darska savjetnica, Sveu\u010dili\u0161na knji\u017enica Rijeka<\/li>\n<\/ul>\n<\/div>\n\n\n\n<p><\/p>\n","protected":false},"excerpt":{"rendered":"<p>prof. dr. sc. Mihaela Banek Zorica (Sveu\u010dili\u0161te u Zagrebu, Filozofski fakultet) Redovita je profesorica u trajnom izboru na Odsjeku za informacijske i komunikacijske znanosti Filozofskog fakulteta Sveu\u010dili\u0161ta u Zagrebu te predstojnica Katedre za medije i komunikaciju. Na preddiplomskoj, diplomskoj i poslijediplomskoj razini predaje kolegije koji su ujedno i u sredi\u0161tu njezina znanstvenog interesa: e-u\u010denje, informacijska [&hellip;]<\/p>\n","protected":false},"author":2,"featured_media":0,"parent":137,"menu_order":1,"comment_status":"closed","ping_status":"closed","template":"","meta":{"footnotes":""},"class_list":["post-187","page","type-page","status-publish","hentry","post"],"featured_image_src":null,"_links":{"self":[{"href":"https:\/\/svk.hkdrustvo.hr\/index.php?rest_route=\/wp\/v2\/pages\/187","targetHints":{"allow":["GET"]}}],"collection":[{"href":"https:\/\/svk.hkdrustvo.hr\/index.php?rest_route=\/wp\/v2\/pages"}],"about":[{"href":"https:\/\/svk.hkdrustvo.hr\/index.php?rest_route=\/wp\/v2\/types\/page"}],"author":[{"embeddable":true,"href":"https:\/\/svk.hkdrustvo.hr\/index.php?rest_route=\/wp\/v2\/users\/2"}],"replies":[{"embeddable":true,"href":"https:\/\/svk.hkdrustvo.hr\/index.php?rest_route=%2Fwp%2Fv2%2Fcomments&post=187"}],"version-history":[{"count":33,"href":"https:\/\/svk.hkdrustvo.hr\/index.php?rest_route=\/wp\/v2\/pages\/187\/revisions"}],"predecessor-version":[{"id":2046,"href":"https:\/\/svk.hkdrustvo.hr\/index.php?rest_route=\/wp\/v2\/pages\/187\/revisions\/2046"}],"up":[{"embeddable":true,"href":"https:\/\/svk.hkdrustvo.hr\/index.php?rest_route=\/wp\/v2\/pages\/137"}],"wp:attachment":[{"href":"https:\/\/svk.hkdrustvo.hr\/index.php?rest_route=%2Fwp%2Fv2%2Fmedia&parent=187"}],"curies":[{"name":"wp","href":"https:\/\/api.w.org\/{rel}","templated":true}]}}

Pozvani predavači

<div class="wp-block-group"><div class="wp-block-group__inner-container is-layout-constrained wp-block-group-is-layout-constrained">
<div class="wp-block-group is-vertical is-layout-flex wp-container-core-group-is-layout-8cf370e7 wp-block-group-is-layout-flex">
<p><strong>prof. dr. sc. Mihaela Banek Zorica (Sveučilište u Zagrebu, Filozofski fakultet)</strong></p>



<p>Redovita je profesorica u trajnom izboru na Odsjeku za informacijske i komunikacijske znanosti Filozofskog fakulteta Sveučilišta u Zagrebu te predstojnica Katedre za medije i komunikaciju. Na preddiplomskoj, diplomskoj i poslijediplomskoj razini predaje kolegije koji su ujedno i u središtu njezina znanstvenog interesa: e-učenje, informacijska i medijska pismenost, školske knjižnice te organizacija i upravljanje znanjem. U nastavi se posebno usmjerava na razvoj nastavnih materijala za sustave e-učenja te na izgradnju kompetencija potrebnih za poučavanje u digitalnom okruženju. Svoje je znanje i iskustvo u području e-učenja i uporabe medija potvrdila sudjelovanjem u više međunarodnih projekata. Tijekom svog znanstvenog rada sudjelovala je i na brojnim domaćim i međunarodnim skupovima kao autorica, recenzentica te članica organizacijskih i programskih odbora. Aktivno doprinosi stručnoj zajednici kroz rad u nacionalnim i međunarodnim tijelima, posebno u području školskog knjižničarstva.</p>
</div>
</div></div>



<p></p>



<div class="wp-block-group"><div class="wp-block-group__inner-container is-layout-constrained wp-block-group-is-layout-constrained">
<div class="wp-block-group is-vertical is-layout-flex wp-container-core-group-is-layout-8cf370e7 wp-block-group-is-layout-flex">
<p><strong>prof. dr. sc. Ivana Kunda (Sveučilište u Rijeci, Pravni fakultet)</strong></p>



<p>Redovita je profesorica u trajnom izboru i predstojnica Katedre za međunarodni i europsko privatno pravo na Pravnom fakultetu u Rijeci te prodekanica za znanost na istom Fakultetu. Doktorirala je na Pravnom fakultetu u Zagrebu i usavršavala se u inozemstvu uključujući i na Max-Planck-Institut für Immaterialgüter- und Wettbewerbsrecht u Minhenu te University of Columbia u New Yorku gdje je boravila kao Fulbright Research Fellow. Sudjelovala je kao istraživačica i/ili voditeljica fakultetske istraživačke grupe na deset projekata iz linije EU Justice koje financira Europska komisija, kao i na više drugih domaćih i međunarodnih znanstvenih i znanstveno-stručnih projekata. Godine 2023., bila je članica Radne skupine Vlade RH za izradu stručnog mišljenja vezano uz pravne učinke presude VSRH na ugovore između RH i MOL Hungarian Oil and Gas Company PLC za koje je utvrđeno da su zaključeni na temelju koruptivnih radnji. Za potrebne gospodarstva, izrađuje pravna mišljenja iz raznih područja europskog i međunarodnog privatnog prava. Kao članica radne skupine Vlade RH sudjelovala je u izradi dvaju zakona. Na Pravosudnoj akademiji sudjelovala je u obrazovanju sudaca iz područja europskog prava, a sudjeluje kao predavačica na međunarodnim tečajevima u organizaciji EJTN Bruxelles i ERA Trier. Pravosudni ispit položila je 2024. godine, a dugi niz godina je na listi arbitara i miritelja SIS HGK.</p>
</div>
</div></div>



<p></p>



<div class="wp-block-group"><div class="wp-block-group__inner-container is-layout-constrained wp-block-group-is-layout-constrained">
<div class="wp-block-group is-vertical is-layout-flex wp-container-core-group-is-layout-8cf370e7 wp-block-group-is-layout-flex">
<p><strong>Margo Bargheer (Sveučilišna knjižnica Göttingen) </strong></p>



<p>Grafička je dizajnerica s magisterijem iz socijalne antropologije i medijskih studija. Voditeljica je tima za elektroničko izdavaštvo u Sveučilišnoj knjižnici Göttingen, što uključuje Göttingen University Press, sveučilišne repozitorije, platformu za časopise u dijamantnom otvorenom pristupu i druge usluge vezane uz znanstvenu komunikaciju. Ona i njezin tim koordiniraju projekt CRAFT-OA, dok su ostali članovi tima uključeni u projekte DIAMAS i PALOMERA te u njemačku informacijsku platformu open-access.network. Margo je predsjednica upravnog odbora AEUP-a (Association of European University Presses – Udruženje europskih sveučilišnih nakladnika) i članica odbora njemačke radne skupine za sveučilišne nakladnike.</p>
</div>
</div></div>



<div class="wp-block-group is-vertical is-layout-flex wp-container-core-group-is-layout-8cf370e7 wp-block-group-is-layout-flex">
<p>U okviru pozvanog panela <strong>Sveučilišta i visokoškolske knjižnice pred izazovima umjetne inteligencije</strong>&nbsp;kao pozvani izlagači sudjeluju:</p>



<ul class="wp-block-list">
<li><strong>prof. dr. sc. Senka Maćešić,</strong> v.d. prorektorice za znanost, umjetnost i digitalizaciju, Sveučilište u Rijeci</li>



<li><strong>prof. dr. sc. Patrizia Poščić</strong>, Sveučilište u Rijeci, Fakultet informatike i digitalnih tehnologija</li>



<li><strong>prof. dr. sc. Ivana Kunda</strong>, Sveučilište u Rijeci, Pravni fakultet</li>



<li><strong>izv. prof. dr. sc. Martina Bajčić</strong>, Sveučilište u Rijeci, Pravni fakultet</li>



<li><strong>doc. dr. sc. Alica Kolarić</strong>, Sveučilište u Zadru, Odjel za informacijske znanosti i tehnologije</li>



<li><strong>Lea Lazzarich</strong>, knjižničarska savjetnica, Sveučilišna knjižnica Rijeka</li>
</ul>
</div>



<div class="wp-block-group is-vertical is-layout-flex wp-container-core-group-is-layout-8cf370e7 wp-block-group-is-layout-flex">
<p>U okviru pozvanog okruglog stola <strong>Topologija hrvatskog visokoškolskog knjižničnog sustava u oblaku: iskustva i očekivanja</strong> kao pozvani izlagači sudjeluju:</p>



<ul class="wp-block-list">
<li><strong>dr. sc. Dijana Machala</strong>, knjižničarska savjetnica, Nacionalna i sveučilišna knjižnica u Zagrebu</li>



<li><strong>prof. dr. sc. Ivanka Stričević</strong>, knjižničarska savjetnica, Nacionalna i sveučilišna knjižnica u Zagrebu</li>



<li><strong>Lea Lazzarich</strong>, knjižničarska savjetnica, Sveučilišna knjižnica Rijeka</li>
</ul>
</div>



<p></p>

<p>prof. dr. sc. Mihaela Banek Zorica (Sveučilište u Zagrebu, Filozofski fakultet) Redovita je profesorica u trajnom izboru na Odsjeku za informacijske i komunikacijske znanosti Filozofskog fakulteta Sveučilišta u Zagrebu te predstojnica Katedre za medije i komunikaciju. Na preddiplomskoj, diplomskoj i poslijediplomskoj razini predaje kolegije koji su ujedno i u središtu njezina znanstvenog interesa: e-učenje, informacijska [&hellip;]</p>
