{"id":135,"date":"2023-02-08T22:26:17","date_gmt":"2023-02-08T21:26:17","guid":{"rendered":"http:\/\/svk.hkdrustvo.hr\/?page_id=135"},"modified":"2025-06-03T13:51:49","modified_gmt":"2025-06-03T11:51:49","slug":"prijava-sudjelovanja","status":"publish","type":"page","link":"https:\/\/svk.hkdrustvo.hr\/?page_id=135","title":{"rendered":"Sudjelovanje"},"content":{"rendered":"\n<p>Po\u0161aljite svoju prijavu za sudjelovanje na skupu 19. dani specijalnih i visoko\u0161kolskih knji\u017enica putem online <a href=\"https:\/\/ls.hkdrustvo.hr\/index.php\/969839?lang=hr\" data-type=\"link\" data-id=\"https:\/\/ls.hkdrustvo.hr\/index.php\/969839?lang=hr\"><strong>obrasca za prijavu<\/strong><\/a>.&nbsp;Prijave i slanje sa\u017eetaka autora na druge na\u010dine se ne prihva\u0107aju.<\/p>\n\n\n\n<p><strong>Rok za\u00a0<strong>prijavu izlaganja i dostavu sa\u017eetaka<\/strong>:<\/strong>\u00a0<s>1. lipnja 2025.<\/s> <strong>1. srpnja 2025.<\/strong><br><strong>Obavijest autorima o prihva\u0107enim radovima:<\/strong><s><strong>\u00a0<\/strong>10. srpnja 2025<strong>.<\/strong><\/s> <strong>20. srpnja 2025.<\/strong><br>Jezik konferencije je hrvatski i engleski.<\/p>\n\n\n\n<p class=\"has-text-color has-link-color wp-elements-04ad22dd9f1a0745481c480b04a50635\" style=\"color:#46b4a1\"><strong>UPUTE ZA PRIJAVU ZA SUDJELOVANJE<\/strong><\/p>\n\n\n\n<p>Na mre\u017enoj stranici skupa dostupne su <a href=\"https:\/\/svk.hkdrustvo.hr\/?page_id=191\" data-type=\"link\" data-id=\"https:\/\/svk.hkdrustvo.hr\/?page_id=191\"><strong>upute autorima<\/strong><\/a> za prijavu za sudjelovanje za sve vrste izlaganja.<\/p>\n\n\n\n<p>Ako imate bilo kakvih problema vezano uz pristup sadr\u017eaju skupa, molimo da nas kontaktirate na: <a href=\"mailto:hkd@hkdrustvo.hr\"><strong>hkd@hkdrustvo.hr<\/strong><\/a><\/p>\n","protected":false},"excerpt":{"rendered":"<p>Po\u0161aljite svoju prijavu za sudjelovanje na skupu 19. dani specijalnih i visoko\u0161kolskih knji\u017enica putem online obrasca za prijavu.&nbsp;Prijave i slanje sa\u017eetaka autora na druge na\u010dine se ne prihva\u0107aju. Rok za\u00a0prijavu izlaganja i dostavu sa\u017eetaka:\u00a01. lipnja 2025. 1. srpnja 2025.Obavijest autorima o prihva\u0107enim radovima:\u00a010. srpnja 2025. 20. srpnja 2025.Jezik konferencije je hrvatski i engleski. UPUTE ZA [&hellip;]<\/p>\n","protected":false},"author":2,"featured_media":1353,"parent":0,"menu_order":2,"comment_status":"closed","ping_status":"closed","template":"","meta":{"footnotes":""},"class_list":["post-135","page","type-page","status-publish","has-post-thumbnail","hentry","post"],"featured_image_src":"https:\/\/svk.hkdrustvo.hr\/wp-content\/uploads\/2025\/04\/19.-dani-SVK-logo-scaled.png","_links":{"self":[{"href":"https:\/\/svk.hkdrustvo.hr\/index.php?rest_route=\/wp\/v2\/pages\/135","targetHints":{"allow":["GET"]}}],"collection":[{"href":"https:\/\/svk.hkdrustvo.hr\/index.php?rest_route=\/wp\/v2\/pages"}],"about":[{"href":"https:\/\/svk.hkdrustvo.hr\/index.php?rest_route=\/wp\/v2\/types\/page"}],"author":[{"embeddable":true,"href":"https:\/\/svk.hkdrustvo.hr\/index.php?rest_route=\/wp\/v2\/users\/2"}],"replies":[{"embeddable":true,"href":"https:\/\/svk.hkdrustvo.hr\/index.php?rest_route=%2Fwp%2Fv2%2Fcomments&post=135"}],"version-history":[{"count":9,"href":"https:\/\/svk.hkdrustvo.hr\/index.php?rest_route=\/wp\/v2\/pages\/135\/revisions"}],"predecessor-version":[{"id":1659,"href":"https:\/\/svk.hkdrustvo.hr\/index.php?rest_route=\/wp\/v2\/pages\/135\/revisions\/1659"}],"wp:featuredmedia":[{"embeddable":true,"href":"https:\/\/svk.hkdrustvo.hr\/index.php?rest_route=\/wp\/v2\/media\/1353"}],"wp:attachment":[{"href":"https:\/\/svk.hkdrustvo.hr\/index.php?rest_route=%2Fwp%2Fv2%2Fmedia&parent=135"}],"curies":[{"name":"wp","href":"https:\/\/api.w.org\/{rel}","templated":true}]}}