{"id":133,"date":"2023-02-08T22:25:12","date_gmt":"2023-02-08T21:25:12","guid":{"rendered":"http:\/\/svk.hkdrustvo.hr\/?page_id=133"},"modified":"2025-11-11T10:52:39","modified_gmt":"2025-11-11T09:52:39","slug":"organizatori","status":"publish","type":"page","link":"https:\/\/svk.hkdrustvo.hr\/?page_id=133","title":{"rendered":"Organizatori"},"content":{"rendered":"\n<p class=\"has-text-color has-medium-font-size\" style=\"color:#46b4a1\"><strong>Organizator<\/strong><\/p>\n\n\n\n<ul class=\"wp-block-list has-black-color has-text-color has-medium-font-size\">\n<li class=\"has-medium-font-size\">Hrvatsko knji\u017eni\u010darsko dru\u0161tvo, Sekcija za visoko\u0161kolske i specijalne knji\u017enice<\/li>\n<\/ul>\n\n\n\n<p class=\"has-text-color has-medium-font-size\" style=\"color:#46b4a1\"><strong>Suorganizatori<\/strong><\/p>\n\n\n\n<div class=\"wp-block-group\"><div class=\"wp-block-group__inner-container is-layout-constrained wp-block-group-is-layout-constrained\">\n<div class=\"wp-block-group\"><div class=\"wp-block-group__inner-container is-layout-constrained wp-block-group-is-layout-constrained\">\n<ul class=\"wp-block-list\">\n<li class=\"has-medium-font-size\">Nacionalna i sveu\u010dili\u0161na knji\u017enica u Zagrebu <\/li>\n\n\n\n<li class=\"has-medium-font-size\">Sveu\u010dili\u0161na knji\u017enica Rijeka <\/li>\n\n\n\n<li class=\"has-medium-font-size\">Knji\u017eni\u010darsko dru\u0161tvo Rijeka<\/li>\n<\/ul>\n<\/div><\/div>\n<\/div><\/div>\n\n\n\n<div class=\"wp-block-group\"><div class=\"wp-block-group__inner-container is-layout-constrained wp-block-group-is-layout-constrained\">\n<div class=\"wp-block-group\"><div class=\"wp-block-group__inner-container is-layout-constrained wp-block-group-is-layout-constrained\">\n<figure class=\"wp-block-image size-full is-resized\"><img loading=\"lazy\" decoding=\"async\" width=\"753\" height=\"232\" src=\"https:\/\/svk.hkdrustvo.hr\/wp-content\/uploads\/2023\/02\/Slike-loga-1.png\" alt=\"\" class=\"wp-image-390\" style=\"width:377px;height:116px\" srcset=\"https:\/\/svk.hkdrustvo.hr\/wp-content\/uploads\/2023\/02\/Slike-loga-1.png 753w, https:\/\/svk.hkdrustvo.hr\/wp-content\/uploads\/2023\/02\/Slike-loga-1-300x92.png 300w\" sizes=\"auto, (max-width: 753px) 100vw, 753px\" \/><\/figure>\n<\/div><\/div>\n<\/div><\/div>\n\n\n<div class=\"wp-block-ub-divider ub_divider ub-divider-orientation-horizontal\" id=\"ub_divider_2f8f2cb2-bcea-4688-8994-92eee4c56322\"><div class=\"ub_divider_wrapper\" style=\"position: relative; margin-bottom: 2px; width: 100%; height: 2px; \" data-divider-alignment=\"center\"><div class=\"ub_divider_line\" style=\"border-top: 2px solid #ccc; margin-top: 2px; \"><\/div><\/div><\/div>\n\n\n<p class=\"has-text-color has-medium-font-size\" style=\"color:#46b4a1\"><strong>Programski odbor<\/strong><\/p>\n\n\n\n<p>Edita Ba\u010di\u0107, Gordana Ga\u0161o, Dejana Golenko, Romana Jadrijevi\u0107, Nina Jela\u010da, Aleksandra Me\u017enari\u0107 Karafin, Tatijana Petri\u0107, Jasenka Ple\u0161ko, Snje\u017eana Radovanlija Mileusni\u0107 (predsjednica), Dora Rubini\u0107, Iva Sesar, Breza \u0160alamon-Cindori, Ksenija \u0160venda-Radeljak, Andreja Tominac, Vilena Vrbani\u0107<\/p>\n\n\n\n<p class=\"has-text-color has-medium-font-size\" style=\"color:#46b4a1\"><strong>Organizacijski odbor&nbsp;<\/strong><\/p>\n\n\n\n<p>Dejana Golenko, Martina Jo\u0161avac, Iva Kova\u010devi\u0107 Melin\u010devi\u0107, Lea Lazzarich, Branka Marijanovi\u0107, Ljiljana Pavi\u010di\u0107, Bla\u017eenka Peradeni\u0107-Kotur, Jasenka Ple\u0161ko, Sara Semenski, Ksenija \u0160venda-Radeljak&nbsp;(predsjednica), Marina Vinaj<\/p>\n","protected":false},"excerpt":{"rendered":"<p>Organizator Suorganizatori Programski odbor Edita Ba\u010di\u0107, Gordana Ga\u0161o, Dejana Golenko, Romana Jadrijevi\u0107, Nina Jela\u010da, Aleksandra Me\u017enari\u0107 Karafin, Tatijana Petri\u0107, Jasenka Ple\u0161ko, Snje\u017eana Radovanlija Mileusni\u0107 (predsjednica), Dora Rubini\u0107, Iva Sesar, Breza \u0160alamon-Cindori, Ksenija \u0160venda-Radeljak, Andreja Tominac, Vilena Vrbani\u0107 Organizacijski odbor&nbsp; Dejana Golenko, Martina Jo\u0161avac, Iva Kova\u010devi\u0107 Melin\u010devi\u0107, Lea Lazzarich, Branka Marijanovi\u0107, Ljiljana Pavi\u010di\u0107, Bla\u017eenka Peradeni\u0107-Kotur, Jasenka [&hellip;]<\/p>\n","protected":false},"author":2,"featured_media":1353,"parent":0,"menu_order":1,"comment_status":"closed","ping_status":"closed","template":"","meta":{"footnotes":""},"class_list":["post-133","page","type-page","status-publish","has-post-thumbnail","hentry","post"],"featured_image_src":"https:\/\/svk.hkdrustvo.hr\/wp-content\/uploads\/2025\/04\/19.-dani-SVK-logo-scaled.png","_links":{"self":[{"href":"https:\/\/svk.hkdrustvo.hr\/index.php?rest_route=\/wp\/v2\/pages\/133","targetHints":{"allow":["GET"]}}],"collection":[{"href":"https:\/\/svk.hkdrustvo.hr\/index.php?rest_route=\/wp\/v2\/pages"}],"about":[{"href":"https:\/\/svk.hkdrustvo.hr\/index.php?rest_route=\/wp\/v2\/types\/page"}],"author":[{"embeddable":true,"href":"https:\/\/svk.hkdrustvo.hr\/index.php?rest_route=\/wp\/v2\/users\/2"}],"replies":[{"embeddable":true,"href":"https:\/\/svk.hkdrustvo.hr\/index.php?rest_route=%2Fwp%2Fv2%2Fcomments&post=133"}],"version-history":[{"count":40,"href":"https:\/\/svk.hkdrustvo.hr\/index.php?rest_route=\/wp\/v2\/pages\/133\/revisions"}],"predecessor-version":[{"id":1958,"href":"https:\/\/svk.hkdrustvo.hr\/index.php?rest_route=\/wp\/v2\/pages\/133\/revisions\/1958"}],"wp:featuredmedia":[{"embeddable":true,"href":"https:\/\/svk.hkdrustvo.hr\/index.php?rest_route=\/wp\/v2\/media\/1353"}],"wp:attachment":[{"href":"https:\/\/svk.hkdrustvo.hr\/index.php?rest_route=%2Fwp%2Fv2%2Fmedia&parent=133"}],"curies":[{"name":"wp","href":"https:\/\/api.w.org\/{rel}","templated":true}]}}